{"id":217,"date":"2021-09-19T09:22:49","date_gmt":"2021-09-19T07:22:49","guid":{"rendered":"https:\/\/www.hypnosete.fr\/?page_id=217"},"modified":"2024-01-31T08:48:11","modified_gmt":"2024-01-31T07:48:11","slug":"cabinet-et-tarifs","status":"publish","type":"page","link":"https:\/\/www.hypnosete.fr\/index.php\/cabinet-et-tarifs\/","title":{"rendered":"Cabinet et tarifs"},"content":{"rendered":"<div id=\"pl-gb217-69ddf097a37c0\"  class=\"panel-layout\" ><div id=\"pg-gb217-69ddf097a37c0-0\"  class=\"panel-grid panel-has-style\" ><div class=\"siteorigin-panels-stretch panel-row-style-full-width panel-row-style panel-row-style-for-gb217-69ddf097a37c0-0\" data-stretch-type=\"full-width-stretch\" ><div id=\"pgc-gb217-69ddf097a37c0-0-0\"  class=\"panel-grid-cell\" ><div id=\"panel-gb217-69ddf097a37c0-0-0-0\" class=\"so-panel widget widget_sow-hero panel-first-child panel-last-child\" data-index=\"0\" ><div\n\t\t\t\n\t\t\tclass=\"so-widget-sow-hero so-widget-sow-hero-default-4eaaa119402f-217 so-widget-fittext-wrapper\"\n\t\t\t data-fit-text-compressor=\"0.85\"\n\t\t>\t\t\t\t<div class=\"sow-slider-base\" style=\"display: none\" tabindex=\"0\">\n\t\t\t\t\t<ul\n\t\t\t\t\tclass=\"sow-slider-images\"\n\t\t\t\t\tdata-settings=\"{&quot;pagination&quot;:true,&quot;speed&quot;:800,&quot;timeout&quot;:8000,&quot;paused&quot;:true,&quot;pause_on_hover&quot;:false,&quot;swipe&quot;:true,&quot;nav_always_show_desktop&quot;:&quot;&quot;,&quot;nav_always_show_mobile&quot;:&quot;&quot;,&quot;breakpoint&quot;:&quot;780px&quot;,&quot;unmute&quot;:false,&quot;anchor&quot;:null}\"\n\t\t\t\t\t\t\t\t\t\tdata-anchor-id=\"\"\n\t\t\t\t>\t\t<li class=\"sow-slider-image  sow-slider-image-cover\" style=\"visibility: visible;;background-color: #1f7cc4\" >\n\t\t\t\t\t<div class=\"sow-slider-image-container\">\n\t\t\t<div class=\"sow-slider-image-wrapper\">\n\t\t\t\t<h1 style=\"text-align: center\">LE CABINET ET LES TARIFS<\/h1>\n<h4 style=\"text-align: center\">\u2022 Prix de la s\u00e9ance d\u2019hypnose : 60\u20ac<\/h4>\n<h4 style=\"text-align: center\">\u2022 Tarifs r\u00e9duits (\u00e9tudiants, demandeurs d\u2019emploi, etc.) : 45\u20ac<\/h4>\n\t\t\t<\/div>\n\t\t<\/div>\n\t\t<div class=\"sow-slider-image-overlay sow-slider-image-cover\" style=\"opacity: 0.6;background-image: url(https:\/\/www.hypnosete.fr\/wp-content\/uploads\/2021\/09\/Fond-Ou2.jpg)\"  ><\/div>\t\t<\/li>\n\t\t<\/ul>\t\t\t\t<ol class=\"sow-slider-pagination\">\n\t\t\t\t\t\t\t\t\t\t\t<li><a href=\"#\" data-goto=\"0\" aria-label=\"Display slide 1\"><\/a><\/li>\n\t\t\t\t\t\t\t\t\t<\/ol>\n\n\t\t\t\t<div class=\"sow-slide-nav sow-slide-nav-next\">\n\t\t\t\t\t<a href=\"#\" data-goto=\"next\" aria-label=\"Next slide\" data-action=\"next\">\n\t\t\t\t\t\t<em class=\"sow-sld-icon-thin-right\"><\/em>\n\t\t\t\t\t<\/a>\n\t\t\t\t<\/div>\n\n\t\t\t\t<div class=\"sow-slide-nav sow-slide-nav-prev\">\n\t\t\t\t\t<a href=\"#\" data-goto=\"previous\" aria-label=\"Previous slide\" data-action=\"prev\">\n\t\t\t\t\t\t<em class=\"sow-sld-icon-thin-left\"><\/em>\n\t\t\t\t\t<\/a>\n\t\t\t\t<\/div>\n\t\t\t\t<\/div><\/div><\/div><\/div><\/div><\/div><div id=\"pg-gb217-69ddf097a37c0-1\"  class=\"panel-grid panel-has-style\" ><div class=\"panel-row-style panel-row-style-for-gb217-69ddf097a37c0-1\" ><div id=\"pgc-gb217-69ddf097a37c0-1-0\"  class=\"panel-grid-cell\" ><div id=\"panel-gb217-69ddf097a37c0-1-0-0\" class=\"so-panel widget widget_sow-editor panel-first-child panel-last-child\" data-index=\"1\" ><div\n\t\t\t\n\t\t\tclass=\"so-widget-sow-editor so-widget-sow-editor-base\"\n\t\t\t\n\t\t>\n<div class=\"siteorigin-widget-tinymce textwidget\">\n\t<p><img loading=\"lazy\" decoding=\"async\" class=\"wp-image-168 size-full aligncenter\" src=\"https:\/\/www.hypnosete.fr\/wp-content\/uploads\/2021\/09\/Fond-Ou4.jpg\" alt=\"\" width=\"300\" height=\"401\" srcset=\"https:\/\/www.hypnosete.fr\/wp-content\/uploads\/2021\/09\/Fond-Ou4.jpg 300w, https:\/\/www.hypnosete.fr\/wp-content\/uploads\/2021\/09\/Fond-Ou4-224x300.jpg 224w\" sizes=\"(max-width: 300px) 100vw, 300px\" \/><\/p>\n<\/div>\n<\/div><\/div><\/div><div id=\"pgc-gb217-69ddf097a37c0-1-1\"  class=\"panel-grid-cell\" ><div id=\"panel-gb217-69ddf097a37c0-1-1-0\" class=\"so-panel widget widget_sow-editor panel-first-child panel-last-child\" data-index=\"2\" ><div\n\t\t\t\n\t\t\tclass=\"so-widget-sow-editor so-widget-sow-editor-base\"\n\t\t\t\n\t\t>\n<div class=\"siteorigin-widget-tinymce textwidget\">\n\t<p>Je vous re\u00e7ois du lundi au samedi, de 8h \u00e0 21h sur <a href=\"https:\/\/www.hypnosete.fr\/index.php\/qui-suis-je\/#Contact\" target=\"_blank\" rel=\"noopener\">rendez-vous<\/a> uniquement au <a href=\"https:\/\/www.hypnosete.fr\/index.php\/qui-suis-je\/#Contact\">06.52.88.60.70<\/a>.<\/p>\n<p>Les s\u00e9ances se d\u00e9roulent au cabinet\u00a0: <a href=\"https:\/\/www.google.com\/maps\/place\/19+Rue+Gambetta,+34200+S%C3%A8te\/@43.4030263,3.693147,17z\/data=!3m1!4b1!4m5!3m4!1s0x12b135a257d1735b:0xa70a15f4afd0d8cc!8m2!3d43.4030263!4d3.6953357\">19, rue Gambetta \u00e0 S\u00e8te<\/a> (\u00e0 deux pas du parking des Halles, en face du passage le Dauphin) ou, dans certaines circonstances, \u00e0 domicile. Dans certains cas \u00e9galement, des s\u00e9ances en visioconf\u00e9rence sont envisageables.<\/p>\n<p>La premi\u00e8re s\u00e9ance (1h30 environ) vous permettra de d\u00e9finir les objectifs li\u00e9s \u00e0 votre probl\u00e9matique. Puis, lors des s\u00e9ances suivantes (1h), vous pourrez, gr\u00e2ce \u00e0 l\u2019hypnose, trouver les solutions qui r\u00e9pondent \u00e0 vos questionnements.<\/p>\n<p><strong>Prise en charge\u00a0<\/strong><\/p>\n<p>Certaines mutuelles prennent en charge les s\u00e9ances d\u2019hypnose (\u00e0 titre d\u2019exemple, <em>la Mutuelle g\u00e9n\u00e9rale<\/em>, <em>Allianz,<\/em> <em>Groupama<\/em>, la <em>MGEN, la MACIF <\/em>ou <em>Harmonie mutuelle,<\/em> proposent cette offre dans certains cas et selon votre adh\u00e9sion)\u00a0: renseignez-vous aupr\u00e8s de votre mutuelle en pr\u00e9cisant bien qu\u2019il s\u2019agit d\u2019hypnose non-m\u00e9dicale.<\/p>\n<p>Une facture sera \u00e9tablie sur demande.<\/p>\n<p>Le paiement s&rsquo;effectuera par ch\u00e8que ou en esp\u00e8ces.<\/p>\n<p><strong>A retenir\u00a0<\/strong><\/p>\n<p>L&rsquo;hypnose ne se substitue en aucun cas \u00e0 un traitement m\u00e9dical.<br \/>\nLors de la premi\u00e8re s\u00e9ance, je vous interrogerai sur les traitements m\u00e9dicaux et les suivis psychologiques ou psychiatriques \u00e9ventuels.<\/p>\n<\/div>\n<\/div><\/div><\/div><\/div><\/div><\/div>","protected":false},"excerpt":{"rendered":"<p>Je vous re\u00e7ois du lundi au samedi, de 8h \u00e0 21h sur rendez-vous uniquement au 06.52.88.60.70. Les s\u00e9ances se d\u00e9roulent au cabinet\u00a0: 19, rue Gambetta \u00e0 S\u00e8te (\u00e0 deux pas du parking des Halles, en face du passage le Dauphin) ou, dans certaines circonstances, \u00e0 domicile. Dans certains cas \u00e9galement, des s\u00e9ances en visioconf\u00e9rence sont [&hellip;]<\/p>\n","protected":false},"author":1,"featured_media":0,"parent":0,"menu_order":0,"comment_status":"closed","ping_status":"closed","template":"","meta":{"footnotes":""},"yoast_head":"<!-- This site is optimized with the Yoast SEO plugin v22.0 - https:\/\/yoast.com\/wordpress\/plugins\/seo\/ -->\n<title>Cabinet et tarifs - Hypnose Ericksonienne<\/title>\n<meta name=\"robots\" content=\"index, follow, max-snippet:-1, max-image-preview:large, max-video-preview:-1\" \/>\n<link rel=\"canonical\" href=\"https:\/\/www.hypnosete.fr\/index.php\/cabinet-et-tarifs\/\" \/>\n<meta property=\"og:locale\" content=\"fr_FR\" \/>\n<meta property=\"og:type\" content=\"article\" \/>\n<meta property=\"og:title\" content=\"Cabinet et tarifs - Hypnose Ericksonienne\" \/>\n<meta property=\"og:description\" content=\"Je vous re\u00e7ois du lundi au samedi, de 8h \u00e0 21h sur rendez-vous uniquement au 06.52.88.60.70. Les s\u00e9ances se d\u00e9roulent au cabinet\u00a0: 19, rue Gambetta \u00e0 S\u00e8te (\u00e0 deux pas du parking des Halles, en face du passage le Dauphin) ou, dans certaines circonstances, \u00e0 domicile. Dans certains cas \u00e9galement, des s\u00e9ances en visioconf\u00e9rence sont [&hellip;]\" \/>\n<meta property=\"og:url\" content=\"https:\/\/www.hypnosete.fr\/index.php\/cabinet-et-tarifs\/\" \/>\n<meta property=\"og:site_name\" content=\"Hypnose Ericksonienne\" \/>\n<meta property=\"article:modified_time\" content=\"2024-01-31T07:48:11+00:00\" \/>\n<meta property=\"og:image\" content=\"https:\/\/www.hypnosete.fr\/wp-content\/uploads\/2021\/09\/Fond-Ou4.jpg\" \/>\n<meta name=\"twitter:card\" content=\"summary_large_image\" \/>\n<meta name=\"twitter:label1\" content=\"Dur\u00e9e de lecture estim\u00e9e\" \/>\n\t<meta name=\"twitter:data1\" content=\"2 minutes\" \/>\n<script type=\"application\/ld+json\" class=\"yoast-schema-graph\">{\"@context\":\"https:\/\/schema.org\",\"@graph\":[{\"@type\":\"WebPage\",\"@id\":\"https:\/\/www.hypnosete.fr\/index.php\/cabinet-et-tarifs\/\",\"url\":\"https:\/\/www.hypnosete.fr\/index.php\/cabinet-et-tarifs\/\",\"name\":\"Cabinet et tarifs - Hypnose Ericksonienne\",\"isPartOf\":{\"@id\":\"https:\/\/www.hypnosete.fr\/#website\"},\"datePublished\":\"2021-09-19T07:22:49+00:00\",\"dateModified\":\"2024-01-31T07:48:11+00:00\",\"breadcrumb\":{\"@id\":\"https:\/\/www.hypnosete.fr\/index.php\/cabinet-et-tarifs\/#breadcrumb\"},\"inLanguage\":\"fr-FR\",\"potentialAction\":[{\"@type\":\"ReadAction\",\"target\":[\"https:\/\/www.hypnosete.fr\/index.php\/cabinet-et-tarifs\/\"]}]},{\"@type\":\"BreadcrumbList\",\"@id\":\"https:\/\/www.hypnosete.fr\/index.php\/cabinet-et-tarifs\/#breadcrumb\",\"itemListElement\":[{\"@type\":\"ListItem\",\"position\":1,\"name\":\"Accueil\",\"item\":\"https:\/\/www.hypnosete.fr\/\"},{\"@type\":\"ListItem\",\"position\":2,\"name\":\"Cabinet et tarifs\"}]},{\"@type\":\"WebSite\",\"@id\":\"https:\/\/www.hypnosete.fr\/#website\",\"url\":\"https:\/\/www.hypnosete.fr\/\",\"name\":\"Hypnose Ericksonienne\",\"description\":\"\",\"publisher\":{\"@id\":\"https:\/\/www.hypnosete.fr\/#organization\"},\"potentialAction\":[{\"@type\":\"SearchAction\",\"target\":{\"@type\":\"EntryPoint\",\"urlTemplate\":\"https:\/\/www.hypnosete.fr\/?s={search_term_string}\"},\"query-input\":\"required name=search_term_string\"}],\"inLanguage\":\"fr-FR\"},{\"@type\":\"Organization\",\"@id\":\"https:\/\/www.hypnosete.fr\/#organization\",\"name\":\"Hypnose Ericksonienne\",\"url\":\"https:\/\/www.hypnosete.fr\/\",\"logo\":{\"@type\":\"ImageObject\",\"inLanguage\":\"fr-FR\",\"@id\":\"https:\/\/www.hypnosete.fr\/#\/schema\/logo\/image\/\",\"url\":\"https:\/\/www.hypnosete.fr\/wp-content\/uploads\/2021\/09\/cropped-Logo-Nata-1.jpg\",\"contentUrl\":\"https:\/\/www.hypnosete.fr\/wp-content\/uploads\/2021\/09\/cropped-Logo-Nata-1.jpg\",\"width\":264,\"height\":93,\"caption\":\"Hypnose Ericksonienne\"},\"image\":{\"@id\":\"https:\/\/www.hypnosete.fr\/#\/schema\/logo\/image\/\"}}]}<\/script>\n<!-- \/ Yoast SEO plugin. -->","yoast_head_json":{"title":"Cabinet et tarifs - Hypnose Ericksonienne","robots":{"index":"index","follow":"follow","max-snippet":"max-snippet:-1","max-image-preview":"max-image-preview:large","max-video-preview":"max-video-preview:-1"},"canonical":"https:\/\/www.hypnosete.fr\/index.php\/cabinet-et-tarifs\/","og_locale":"fr_FR","og_type":"article","og_title":"Cabinet et tarifs - Hypnose Ericksonienne","og_description":"Je vous re\u00e7ois du lundi au samedi, de 8h \u00e0 21h sur rendez-vous uniquement au 06.52.88.60.70. Les s\u00e9ances se d\u00e9roulent au cabinet\u00a0: 19, rue Gambetta \u00e0 S\u00e8te (\u00e0 deux pas du parking des Halles, en face du passage le Dauphin) ou, dans certaines circonstances, \u00e0 domicile. Dans certains cas \u00e9galement, des s\u00e9ances en visioconf\u00e9rence sont [&hellip;]","og_url":"https:\/\/www.hypnosete.fr\/index.php\/cabinet-et-tarifs\/","og_site_name":"Hypnose Ericksonienne","article_modified_time":"2024-01-31T07:48:11+00:00","og_image":[{"url":"https:\/\/www.hypnosete.fr\/wp-content\/uploads\/2021\/09\/Fond-Ou4.jpg"}],"twitter_card":"summary_large_image","twitter_misc":{"Dur\u00e9e de lecture estim\u00e9e":"2 minutes"},"schema":{"@context":"https:\/\/schema.org","@graph":[{"@type":"WebPage","@id":"https:\/\/www.hypnosete.fr\/index.php\/cabinet-et-tarifs\/","url":"https:\/\/www.hypnosete.fr\/index.php\/cabinet-et-tarifs\/","name":"Cabinet et tarifs - Hypnose Ericksonienne","isPartOf":{"@id":"https:\/\/www.hypnosete.fr\/#website"},"datePublished":"2021-09-19T07:22:49+00:00","dateModified":"2024-01-31T07:48:11+00:00","breadcrumb":{"@id":"https:\/\/www.hypnosete.fr\/index.php\/cabinet-et-tarifs\/#breadcrumb"},"inLanguage":"fr-FR","potentialAction":[{"@type":"ReadAction","target":["https:\/\/www.hypnosete.fr\/index.php\/cabinet-et-tarifs\/"]}]},{"@type":"BreadcrumbList","@id":"https:\/\/www.hypnosete.fr\/index.php\/cabinet-et-tarifs\/#breadcrumb","itemListElement":[{"@type":"ListItem","position":1,"name":"Accueil","item":"https:\/\/www.hypnosete.fr\/"},{"@type":"ListItem","position":2,"name":"Cabinet et tarifs"}]},{"@type":"WebSite","@id":"https:\/\/www.hypnosete.fr\/#website","url":"https:\/\/www.hypnosete.fr\/","name":"Hypnose Ericksonienne","description":"","publisher":{"@id":"https:\/\/www.hypnosete.fr\/#organization"},"potentialAction":[{"@type":"SearchAction","target":{"@type":"EntryPoint","urlTemplate":"https:\/\/www.hypnosete.fr\/?s={search_term_string}"},"query-input":"required name=search_term_string"}],"inLanguage":"fr-FR"},{"@type":"Organization","@id":"https:\/\/www.hypnosete.fr\/#organization","name":"Hypnose Ericksonienne","url":"https:\/\/www.hypnosete.fr\/","logo":{"@type":"ImageObject","inLanguage":"fr-FR","@id":"https:\/\/www.hypnosete.fr\/#\/schema\/logo\/image\/","url":"https:\/\/www.hypnosete.fr\/wp-content\/uploads\/2021\/09\/cropped-Logo-Nata-1.jpg","contentUrl":"https:\/\/www.hypnosete.fr\/wp-content\/uploads\/2021\/09\/cropped-Logo-Nata-1.jpg","width":264,"height":93,"caption":"Hypnose Ericksonienne"},"image":{"@id":"https:\/\/www.hypnosete.fr\/#\/schema\/logo\/image\/"}}]}},"_links":{"self":[{"href":"https:\/\/www.hypnosete.fr\/index.php\/wp-json\/wp\/v2\/pages\/217"}],"collection":[{"href":"https:\/\/www.hypnosete.fr\/index.php\/wp-json\/wp\/v2\/pages"}],"about":[{"href":"https:\/\/www.hypnosete.fr\/index.php\/wp-json\/wp\/v2\/types\/page"}],"author":[{"embeddable":true,"href":"https:\/\/www.hypnosete.fr\/index.php\/wp-json\/wp\/v2\/users\/1"}],"replies":[{"embeddable":true,"href":"https:\/\/www.hypnosete.fr\/index.php\/wp-json\/wp\/v2\/comments?post=217"}],"version-history":[{"count":11,"href":"https:\/\/www.hypnosete.fr\/index.php\/wp-json\/wp\/v2\/pages\/217\/revisions"}],"predecessor-version":[{"id":339,"href":"https:\/\/www.hypnosete.fr\/index.php\/wp-json\/wp\/v2\/pages\/217\/revisions\/339"}],"wp:attachment":[{"href":"https:\/\/www.hypnosete.fr\/index.php\/wp-json\/wp\/v2\/media?parent=217"}],"curies":[{"name":"wp","href":"https:\/\/api.w.org\/{rel}","templated":true}]}}